se -6*r = -1251 + 249. What is the remainder when r is divided by 47?
26
Let u(s) = 34*s**2 + 80*s - 160. Calculate the remainder when 283 is divided by u(2).
11
Let h(m) = 11*m**2 - 4*m - 1. Let q(w) = 28*w**2 + 4*w - 3. Let l = 25 - 24. What is the remainder when h(3) is divided by q(l)?
28
Let j be 472/(-32) - (-1)/(-4). Let l = 23 + j. Suppose -5*v = -l*v + 63. What is the remainder when v is divided by 8?
5
Let j(p) = p**2 - 40*p + 182. What is the remainder when 159 is divided by j(36)?
7
Let j(n) = 10*n - 303. What is the remainder when 171 is divided by j(39)?
84
Suppose 0 = 2*g - d + 39 - 13, -g + 3*d = 13. Let w = 28 + g. Calculate the remainder when 28 is divided by w.
13
Let k(p) = 7*p - 1. Let h be k(2). Let r = -7 + h. Suppose 3*q - 1 = -3*n + 26, 2*q + 5*n = -3. What is the remainder when q is divided by r?
4
Let g = -1882 - -2666. What is the remainder when g is divided by 157?
156
Let s = 314 - 303. Calculate the remainder when 162 is divided by s.
8
Let h(y) = y + 10. Let f be h(-6). Calculate the remainder when 966/27 + (-2)/(-9) is divided by ((-24)/(-36))/(f/78).
10
Let l be (2/(-6))/((-8)/(-456)). Let s = -15 - l. Suppose -v + 4*n - s = -17, -2*v = -2*n - 44. What is the remainder when v is divided by 13?
12
Let c(k) = -k**2 + 4*k + 4. Let q be c(3). Let l = -7 + q. Suppose l = -h + 5*h - 24. What is the remainder when 15 is divided by h?
3
Let u be 2*((-3 - -7) + -3). Let m(c) = 20*c. Suppose -5*g - z - 3*z + 93 = 0, 2*g + 4*z = 30. Calculate the remainder when m(u) is divided by g.
19
Suppose 3*w = 2*f + 2*w - 42, 2*f - 3*w = 46. What is the remainder when 69 is divided by f?
9
Let p = -51 + 52. Calculate the remainder when p - -69*6/9 is divided by 17.
13
Let c(f) = -9*f + 190. Calculate the remainder when 1313 is divided by c(18).
25
Let u(x) = -53*x**2 + 9*x - 3. Let a(t) = -53*t**2 + 8*t - 3. Let y(i) = -6*a(i) + 5*u(i). Calculate the remainder when y(1) is divided by 27.
26
Let o(h) = -h**2 + 7*h + 2. Let q be o(7). Suppose q*t + t + 3 = 0. What is the remainder when 17 is divided by 14/2 - -1 - t?
8
What is the remainder when ((-114)/(-2))/(6/18) is divided by 44?
39
What is the remainder when 109 is divided by (-5 + (-66)/(-9))*(-6)/(-2)?
4
Let x(c) = -7*c**3 - 5*c**2 + 4*c + 2. Let l be x(4). What is the remainder when l/25*(-30)/9 is divided by 19?
11
Suppose 9*q - 6 = 6*q. Suppose -t + q = -0*t. Suppose t*j = -5*m + 78, 3*m + 3*j = -j + 44. What is the remainder when m is divided by 6?
4
Let s = 11 - -50. Suppose -s = -u - 3. Calculate the remainder when (-4 - -1)/((-2)/u) is divided by 22.
21
Let d be ((-18)/12)/(2/(-12)). Calculate the remainder when 7/(2 + (-15)/d) is divided by 6.
3
Let y(a) = -11*a - 23. Calculate the remainder when y(-5) is divided by 7.
4
Calculate the remainder when 29 is divided by 5/20 + (-95)/(-4).
5
Let c(r) = r + 3. Let k be (4/(-4))/((-2)/4). Let a be c(k). Suppose 5*b - 244 = 3*j - j, -5*b + 235 = -a*j. What is the remainder when b is divided by 17?
16
Suppose 0 = -11*r + 4*r + 301. Suppose 0 = -3*p - 4*s + r, 5*p + 5*s - 46 = 19. Calculate the remainder when 12 is divided by p.
3
Let h = 77 + -55. Let y = 53 - h. Suppose 0 = 4*g - c - 40, -g - 2*c + 41 = 2*g. What is the remainder when y is divided by g?
9
Let u = 164 - 130. What is the remainder when 233 is divided by u?
29
Suppose 22 = -l + 30. Suppose 6*s - l - 4 = 0. Calculate the remainder when 9 is divided by s.
1
Suppose n - 27 = -36. Let c(d) = -d**2 - 10*d + 9. Suppose m = 18 + 52. What is the remainder when m is divided by c(n)?
16
Let a(z) = -2*z**3 - 28*z**2 - 6*z + 14. What is the remainder when 1566 is divided by a(-14)?
96
Let t = -5 + 19. Let a = -596 - -605. Calculate the remainder when t is divided by a.
5
Let z(l) = -52*l**3. Let b be z(-1). Suppose -5*q + 23 + b = 0. Suppose q = 2*v - 31. Calculate the remainder when v is divided by 6.
5
Let c be (21/14)/(2/(-12)). Let m(x) = -x + 19. Calculate the remainder when m(c) is divided by 15.
13
Let x(k) = -k**3 - 15 - 12*k + 5*k**2 + 6*k**2 + 6*k**2 - 4*k**2. What is the remainder when x(11) is divided by 12?
11
Suppose d + y = -3*d + 23, 0 = -3*d - 5*y - 4. Let z(b) = -b**2 + 11*b + 2. Let n be (-2)/(-3) + (-31)/(-3). What is the remainder when d is divided by z(n)?
1
Let o(b) = 2*b + 2. Suppose 0*v = -2*v + 114. What is the remainder when v is divided by o(4)?
7
Suppose 3*y = -4*w + 223, 2*w + 3*y - 108 = 5*y. What is the remainder when w is divided by 34?
21
Suppose -4*r = -407 + 199. Calculate the remainder when r is divided by 11.
8
Suppose 866 + 82 = 6*z. What is the remainder when z is divided by 53?
52
Let s = -13 + -7. Let f(a) = -25*a + 38. Let l be f(3). Let z = s - l. What is the remainder when 30 is divided by z?
13
Let x(m) = 6*m - 24. What is the remainder when 251 is divided by x(6)?
11
Let k(t) = -3*t**3 - 78*t**2 + 2*t + 57. Calculate the remainder when 484 is divided by k(-26).
4
Suppose -6*s + 7*s = 1. Suppose 6 = v + 2*i, -i + s = 3. Suppose -2*w + 6 = w. What is the remainder when v is divided by w?
0
Let n = 33 + -58. Let v = n + 58. What is the remainder when v is divided by (3/(-1) - 6)/(-1)?
6
Let s be (-1 + 3)*-3 - -4. Calculate the remainder when 39 is divided by 14*s/(4/(-2)).
11
Let m(b) = 3*b**3 - 4*b**2 + 1. What is the remainder when m(3) is divided by (534/33 - 0) + 30/(-165)?
14
Suppose g + 5 = 0, 4*g = -4*p + 5 + 83. Let m(q) = -q**3 + q**2 + q + 51. What is the remainder when m(0) is divided by p?
24
Let l(t) = -t**3 + 25*t**2 + 34*t + 37. Calculate the remainder when l(26) is divided by 12.
5
Let r(u) = u**3 + 7*u**2 - 8*u + 20. What is the remainder when 163 is divided by r(-6)?
59
Let u be (-56)/(-10) - 6/(-15). Suppose 0 = 5*f + 2*i + 2, -f - u*i = -2*i + 4. Let l(j) = j**3 + j + 31. Calculate the remainder when l(f) is divided by 8.
7
Let c(p) = -p**3 + 4*p**2 + 3*p - 6. Suppose 0 = -5*u - 15, -u + 12 = 3*g + 2*u. What is the remainder when g is divided by c(4)?
1
Suppose -5*k = 3*s - 27, 4*k + s - 22 = -s. Let o(c) = 4*c**3 + c + 4*c**3 - 2*c**2 + 1 - 7*c**3. Calculate the remainder when k is divided by o(2).
0
Let p = -207 + 319. Let t(a) = a**3 + 12*a**2 + 8*a - 14. What is the remainder when p is divided by t(-11)?
17
Let s(o) = -7*o - 2. Let n be s(3). Let u = 61 + n. What is the remainder when 186 is divided by u?
34
Let s(l) = -24*l**2 + 1 + 0*l + 13*l - l**3 + 12 + 13*l**2. Let d = 16 - 28. What is the remainder when s(d) is divided by 1?
0
Suppose 1551 = 51*x - 18*x. What is the remainder when 48 is divided by x?
1
Suppose -2*l + 5*u = -25, 4*l + 2*u + 20 = -2*u. Suppose -h + 4*h = l. Suppose h = 2*d - d - 16. What is the remainder when d is divided by 6?
4
Let g = -935 + 965. What is the remainder when 86 is divided by g?
26
Suppose 96 + 9 = 7*g. What is the remainder when 864 is divided by g?
9
What is the remainder when 0 - -1 - -190 - (148 + -154) is divided by 39?
2
Let s(x) = -x**3 - 3*x**2 + 8*x + 9. What is the remainder when s(-6) is divided by 21?
6
Suppose -c + 24 - 5 = 0. Let r be 6/27 + 146/(-9). Let u = 21 + r. Calculate the remainder when c is divided by u.
4
Suppose -n - 5*o = -210, -2*n + 5*n - 602 = -o. Suppose 32*v - 37*v = -n. Calculate the remainder when v is divided by 11.
7
Calculate the remainder when 53 is divided by ((-28)/(-12) - 2)/((-1)/(-111)).
16
Let t = 64 + -64. Suppose 352 = -t*p + 4*p. What is the remainder when p is divided by 13?
10
Let s = -458 - -593. Calculate the remainder when s is divided by 23.
20
Suppose 3*s - g - 272 = -6*g, -g = 2*s - 186. Suppose -5*n = 10, 2*f - s = -4*n - 0*n. Calculate the remainder when 305 is divided by f.
50
Suppose y = -4*p + 24, 0 = -y + 16*p - 13*p - 4. What is the remainder when y is divided by 4?
0
Suppose -3*f - 15 = 0, -3 - 41 = -4*y - 4*f. Let p(o) = y + 4*o - 7 - 3 - o. What is the remainder when 42 is divided by p(3)?
12
Let f be (-11 - -10)*(-1 - -1). Let v(w) = -w**2 - w + 12. Let l be v(f). Let d = 19 - l. What is the remainder when 32 is divided by d?
4
Let j(w) = 3*w**3 + 4*w**2 - 5. Let q be j(-3). What is the remainder when (-5630)/q + ((-2)/(-5) - 0) is divided by 23?
21
Let z(p) = p**2 - 7. Let a be z(0). Let h = 10 + a. Calculate the remainder when 14 is divided by h.
2
Suppose 2*d - 5*c - 20 = 0, -4*d - 5*c = -28 - 42.